{"id":16,"date":"2020-03-04T07:15:36","date_gmt":"2020-03-04T07:15:36","guid":{"rendered":"http:\/\/huskyadventure.de\/?page_id=16"},"modified":"2020-06-24T09:35:25","modified_gmt":"2020-06-24T09:35:25","slug":"das-faehrhaus","status":"publish","type":"page","link":"https:\/\/huskyadventure.de\/?page_id=16","title":{"rendered":"Das F\u00e4hrhaus"},"content":{"rendered":"\t\t<div data-elementor-type=\"wp-page\" data-elementor-id=\"16\" class=\"elementor elementor-16\">\n\t\t\t\t\t\t<section class=\"elementor-section elementor-top-section elementor-element elementor-element-646a4a2 elementor-section-boxed elementor-section-height-default elementor-section-height-default\" data-id=\"646a4a2\" data-element_type=\"section\" data-e-type=\"section\">\n\t\t\t\t\t\t<div class=\"elementor-container elementor-column-gap-default\">\n\t\t\t\t\t<div class=\"elementor-column elementor-col-100 elementor-top-column elementor-element elementor-element-c7f475e\" data-id=\"c7f475e\" data-element_type=\"column\" data-e-type=\"column\">\n\t\t\t<div class=\"elementor-widget-wrap elementor-element-populated\">\n\t\t\t\t\t\t<div class=\"elementor-element elementor-element-c06ca72 elementor-widget elementor-widget-text-editor\" data-id=\"c06ca72\" data-element_type=\"widget\" data-e-type=\"widget\" data-widget_type=\"text-editor.default\">\n\t\t\t\t<div class=\"elementor-widget-container\">\n\t\t\t\t\t\t\t\t\t<h4>Heim, Festung und manchmal eine Insel<\/h4><p>&#8211; seit 1926 ist das Geb\u00e4ude im Familienbesitz<\/p><p>Das F\u00e4hrhaus liegt zwischen Bordenau und Poggenhagen mitten in der Region Hannover, im Landkreis Neustadt a. Rbge.. Wer hier auf dem Grundst\u00fcck steht genie\u00dft den Ausblick \u00fcber die Felder und die Leine.<\/p><p>Die urspr\u00fcnglichen Dienste des damaligen F\u00e4hrmanns \u00fcbernimmt heute eine Br\u00fccke. Sobals das Wasser der Leine \u00fcber die Ufer tritt, n\u00fctzt diese allerdings nur bedingt. Ein eigener Steg sorgt daf\u00fcr zumindest zu Fu\u00df zu jeder Zeit auf das Grundst\u00fcck zu kommen.<\/p><p>Viel Arbeit und der ein oder andere Taler sind bereits in dieses Haus geflossen. Die Verbundenheit ist gro\u00df und auch der Platz der uns hier zur Verf\u00fcgung steht ist mehr als ausreichend.<\/p><p>Der Traum eines eignen Husky Rudels ist \u00fcber die Jahre gewachsen. Angefangen mit einem einfachen eingez\u00e4unten Teil des Gartens wuchs unser Auslauf und Heim f\u00fcr die Huskies stetig an.<\/p><p>\u00a0<\/p>\t\t\t\t\t\t\t\t<\/div>\n\t\t\t\t<\/div>\n\t\t\t\t\t<\/div>\n\t\t<\/div>\n\t\t\t\t\t<\/div>\n\t\t<\/section>\n\t\t\t\t<section class=\"elementor-section elementor-top-section elementor-element elementor-element-55adb76 elementor-section-boxed elementor-section-height-default elementor-section-height-default\" data-id=\"55adb76\" data-element_type=\"section\" data-e-type=\"section\">\n\t\t\t\t\t\t<div class=\"elementor-container elementor-column-gap-default\">\n\t\t\t\t\t<div class=\"elementor-column elementor-col-100 elementor-top-column elementor-element elementor-element-57ef0b0\" data-id=\"57ef0b0\" data-element_type=\"column\" data-e-type=\"column\">\n\t\t\t<div class=\"elementor-widget-wrap elementor-element-populated\">\n\t\t\t\t\t\t<div class=\"elementor-element elementor-element-ba2bc00 elementor-widget elementor-widget-heading\" data-id=\"ba2bc00\" data-element_type=\"widget\" data-e-type=\"widget\" data-widget_type=\"heading.default\">\n\t\t\t\t<div class=\"elementor-widget-container\">\n\t\t\t\t\t<h2 class=\"elementor-heading-title elementor-size-default\">Das F\u00e4hrhaus fr\u00fcher<\/h2>\t\t\t\t<\/div>\n\t\t\t\t<\/div>\n\t\t\t\t\t<\/div>\n\t\t<\/div>\n\t\t\t\t\t<\/div>\n\t\t<\/section>\n\t\t\t\t<section class=\"elementor-section elementor-top-section elementor-element elementor-element-9adb443 elementor-section-boxed elementor-section-height-default elementor-section-height-default\" data-id=\"9adb443\" data-element_type=\"section\" data-e-type=\"section\">\n\t\t\t\t\t\t<div class=\"elementor-container elementor-column-gap-default\">\n\t\t\t\t\t<div class=\"elementor-column elementor-col-100 elementor-top-column elementor-element elementor-element-e77aa9a\" data-id=\"e77aa9a\" data-element_type=\"column\" data-e-type=\"column\">\n\t\t\t<div class=\"elementor-widget-wrap elementor-element-populated\">\n\t\t\t\t\t\t<div class=\"elementor-element elementor-element-6761ac7 elementor-widget elementor-widget-image\" data-id=\"6761ac7\" data-element_type=\"widget\" data-e-type=\"widget\" data-widget_type=\"image.default\">\n\t\t\t\t<div class=\"elementor-widget-container\">\n\t\t\t\t\t\t\t\t\t\t\t\t\t\t\t<img fetchpriority=\"high\" decoding=\"async\" width=\"750\" height=\"483\" src=\"https:\/\/huskyadventure.de\/wp-content\/uploads\/2020\/03\/IMG_2362-1024x660.jpg\" class=\"attachment-large size-large wp-image-74\" alt=\"\" srcset=\"https:\/\/huskyadventure.de\/wp-content\/uploads\/2020\/03\/IMG_2362-1024x660.jpg 1024w, https:\/\/huskyadventure.de\/wp-content\/uploads\/2020\/03\/IMG_2362-300x193.jpg 300w, https:\/\/huskyadventure.de\/wp-content\/uploads\/2020\/03\/IMG_2362-768x495.jpg 768w, https:\/\/huskyadventure.de\/wp-content\/uploads\/2020\/03\/IMG_2362-1536x990.jpg 1536w, https:\/\/huskyadventure.de\/wp-content\/uploads\/2020\/03\/IMG_2362-2048x1320.jpg 2048w\" sizes=\"(max-width: 750px) 100vw, 750px\" \/>\t\t\t\t\t\t\t\t\t\t\t\t\t\t\t<\/div>\n\t\t\t\t<\/div>\n\t\t\t\t\t<\/div>\n\t\t<\/div>\n\t\t\t\t\t<\/div>\n\t\t<\/section>\n\t\t\t\t<section class=\"elementor-section elementor-top-section elementor-element elementor-element-992dba7 elementor-section-boxed elementor-section-height-default elementor-section-height-default\" data-id=\"992dba7\" data-element_type=\"section\" data-e-type=\"section\">\n\t\t\t\t\t\t<div class=\"elementor-container elementor-column-gap-default\">\n\t\t\t\t\t<div class=\"elementor-column elementor-col-100 elementor-top-column elementor-element elementor-element-a749383\" data-id=\"a749383\" data-element_type=\"column\" data-e-type=\"column\">\n\t\t\t<div class=\"elementor-widget-wrap elementor-element-populated\">\n\t\t\t\t\t\t<div class=\"elementor-element elementor-element-441d816 elementor-widget elementor-widget-image\" data-id=\"441d816\" data-element_type=\"widget\" data-e-type=\"widget\" data-widget_type=\"image.default\">\n\t\t\t\t<div class=\"elementor-widget-container\">\n\t\t\t\t\t\t\t\t\t\t\t\t\t\t\t<img decoding=\"async\" width=\"750\" height=\"546\" src=\"https:\/\/huskyadventure.de\/wp-content\/uploads\/2020\/03\/IMG_2363-1024x746.jpg\" class=\"attachment-large size-large wp-image-75\" alt=\"\" srcset=\"https:\/\/huskyadventure.de\/wp-content\/uploads\/2020\/03\/IMG_2363-1024x746.jpg 1024w, https:\/\/huskyadventure.de\/wp-content\/uploads\/2020\/03\/IMG_2363-300x219.jpg 300w, https:\/\/huskyadventure.de\/wp-content\/uploads\/2020\/03\/IMG_2363-768x560.jpg 768w, https:\/\/huskyadventure.de\/wp-content\/uploads\/2020\/03\/IMG_2363-1536x1120.jpg 1536w, https:\/\/huskyadventure.de\/wp-content\/uploads\/2020\/03\/IMG_2363-2048x1493.jpg 2048w\" sizes=\"(max-width: 750px) 100vw, 750px\" \/>\t\t\t\t\t\t\t\t\t\t\t\t\t\t\t<\/div>\n\t\t\t\t<\/div>\n\t\t\t\t\t<\/div>\n\t\t<\/div>\n\t\t\t\t\t<\/div>\n\t\t<\/section>\n\t\t\t\t<section class=\"elementor-section elementor-top-section elementor-element elementor-element-dd2593d elementor-section-boxed elementor-section-height-default elementor-section-height-default\" data-id=\"dd2593d\" data-element_type=\"section\" data-e-type=\"section\">\n\t\t\t\t\t\t<div class=\"elementor-container elementor-column-gap-default\">\n\t\t\t\t\t<div class=\"elementor-column elementor-col-100 elementor-top-column elementor-element elementor-element-1b79f75\" data-id=\"1b79f75\" data-element_type=\"column\" data-e-type=\"column\">\n\t\t\t<div class=\"elementor-widget-wrap elementor-element-populated\">\n\t\t\t\t\t\t<div class=\"elementor-element elementor-element-0d7c055 elementor-widget elementor-widget-spacer\" data-id=\"0d7c055\" data-element_type=\"widget\" data-e-type=\"widget\" data-widget_type=\"spacer.default\">\n\t\t\t\t<div class=\"elementor-widget-container\">\n\t\t\t\t\t\t\t<div class=\"elementor-spacer\">\n\t\t\t<div class=\"elementor-spacer-inner\"><\/div>\n\t\t<\/div>\n\t\t\t\t\t\t<\/div>\n\t\t\t\t<\/div>\n\t\t\t\t\t<\/div>\n\t\t<\/div>\n\t\t\t\t\t<\/div>\n\t\t<\/section>\n\t\t\t\t<section class=\"elementor-section elementor-top-section elementor-element elementor-element-9bc6670 elementor-section-boxed elementor-section-height-default elementor-section-height-default\" data-id=\"9bc6670\" data-element_type=\"section\" data-e-type=\"section\">\n\t\t\t\t\t\t<div class=\"elementor-container elementor-column-gap-default\">\n\t\t\t\t\t<div class=\"elementor-column elementor-col-100 elementor-top-column elementor-element elementor-element-1a72e25\" data-id=\"1a72e25\" data-element_type=\"column\" data-e-type=\"column\">\n\t\t\t<div class=\"elementor-widget-wrap elementor-element-populated\">\n\t\t\t\t\t\t<div class=\"elementor-element elementor-element-f513b1f elementor-widget elementor-widget-heading\" data-id=\"f513b1f\" data-element_type=\"widget\" data-e-type=\"widget\" data-widget_type=\"heading.default\">\n\t\t\t\t<div class=\"elementor-widget-container\">\n\t\t\t\t\t<h2 class=\"elementor-heading-title elementor-size-default\">Das F\u00e4hrhaus heute<\/h2>\t\t\t\t<\/div>\n\t\t\t\t<\/div>\n\t\t\t\t\t<\/div>\n\t\t<\/div>\n\t\t\t\t\t<\/div>\n\t\t<\/section>\n\t\t\t\t<section class=\"elementor-section elementor-top-section elementor-element elementor-element-b8a6313 elementor-section-boxed elementor-section-height-default elementor-section-height-default\" data-id=\"b8a6313\" data-element_type=\"section\" data-e-type=\"section\">\n\t\t\t\t\t\t<div class=\"elementor-container elementor-column-gap-default\">\n\t\t\t\t\t<div class=\"elementor-column elementor-col-100 elementor-top-column elementor-element elementor-element-8bff9f6\" data-id=\"8bff9f6\" data-element_type=\"column\" data-e-type=\"column\">\n\t\t\t<div class=\"elementor-widget-wrap elementor-element-populated\">\n\t\t\t\t\t\t<div class=\"elementor-element elementor-element-32c7f75 elementor-widget elementor-widget-image\" data-id=\"32c7f75\" data-element_type=\"widget\" data-e-type=\"widget\" data-widget_type=\"image.default\">\n\t\t\t\t<div class=\"elementor-widget-container\">\n\t\t\t\t\t\t\t\t\t\t\t\t\t\t\t<img decoding=\"async\" width=\"640\" height=\"480\" src=\"https:\/\/huskyadventure.de\/wp-content\/uploads\/2020\/06\/image0.jpeg\" class=\"attachment-large size-large wp-image-241\" alt=\"\" srcset=\"https:\/\/huskyadventure.de\/wp-content\/uploads\/2020\/06\/image0.jpeg 640w, https:\/\/huskyadventure.de\/wp-content\/uploads\/2020\/06\/image0-300x225.jpeg 300w\" sizes=\"(max-width: 640px) 100vw, 640px\" \/>\t\t\t\t\t\t\t\t\t\t\t\t\t\t\t<\/div>\n\t\t\t\t<\/div>\n\t\t\t\t\t<\/div>\n\t\t<\/div>\n\t\t\t\t\t<\/div>\n\t\t<\/section>\n\t\t\t\t<section class=\"elementor-section elementor-top-section elementor-element elementor-element-a51b47f elementor-section-boxed elementor-section-height-default elementor-section-height-default\" data-id=\"a51b47f\" data-element_type=\"section\" data-e-type=\"section\">\n\t\t\t\t\t\t<div class=\"elementor-container elementor-column-gap-default\">\n\t\t\t\t\t<div class=\"elementor-column elementor-col-100 elementor-top-column elementor-element elementor-element-b145fb9\" data-id=\"b145fb9\" data-element_type=\"column\" data-e-type=\"column\">\n\t\t\t<div class=\"elementor-widget-wrap elementor-element-populated\">\n\t\t\t\t\t\t<div class=\"elementor-element elementor-element-0ea68be elementor-widget elementor-widget-image\" data-id=\"0ea68be\" data-element_type=\"widget\" data-e-type=\"widget\" data-widget_type=\"image.default\">\n\t\t\t\t<div class=\"elementor-widget-container\">\n\t\t\t\t\t\t\t\t\t\t\t\t\t\t\t<img loading=\"lazy\" decoding=\"async\" width=\"750\" height=\"510\" src=\"https:\/\/huskyadventure.de\/wp-content\/uploads\/2020\/06\/IMG_8473-scaled-e1592991190523-1024x696.jpg\" class=\"attachment-large size-large wp-image-223\" alt=\"\" srcset=\"https:\/\/huskyadventure.de\/wp-content\/uploads\/2020\/06\/IMG_8473-scaled-e1592991190523-1024x696.jpg 1024w, https:\/\/huskyadventure.de\/wp-content\/uploads\/2020\/06\/IMG_8473-scaled-e1592991190523-300x204.jpg 300w, https:\/\/huskyadventure.de\/wp-content\/uploads\/2020\/06\/IMG_8473-scaled-e1592991190523-768x522.jpg 768w, https:\/\/huskyadventure.de\/wp-content\/uploads\/2020\/06\/IMG_8473-scaled-e1592991190523-1536x1045.jpg 1536w, https:\/\/huskyadventure.de\/wp-content\/uploads\/2020\/06\/IMG_8473-scaled-e1592991190523-2048x1393.jpg 2048w\" sizes=\"(max-width: 750px) 100vw, 750px\" \/>\t\t\t\t\t\t\t\t\t\t\t\t\t\t\t<\/div>\n\t\t\t\t<\/div>\n\t\t\t\t\t<\/div>\n\t\t<\/div>\n\t\t\t\t\t<\/div>\n\t\t<\/section>\n\t\t\t\t<\/div>\n\t\t<div class=\"likebtn_container\" style=\"text-align:right;\"><!-- LikeBtn.com BEGIN --><span class=\"likebtn-wrapper\"  data-identifier=\"page_16\"  data-site_id=\"5ef1d27b6fd08be8652009e8\"  data-theme=\"drop\"  data-lang=\"de\"  data-style=\"\"  data-unlike_allowed=\"\"  data-show_copyright=\"\"  data-item_url=\"https:\/\/huskyadventure.de\/?page_id=16\"  data-item_title=\"Das F\u00e4hrhaus\"  data-item_date=\"2020-03-04T07:15:36+00:00\"  data-engine=\"WordPress\"  data-plugin_v=\"2.6.59\"  data-prx=\"https:\/\/huskyadventure.de\/wp-admin\/admin-ajax.php?action=likebtn_prx\"  data-event_handler=\"likebtn_eh\" ><\/span><!-- LikeBtn.com END --><br \/><br \/><\/div>","protected":false},"excerpt":{"rendered":"<p>Heim, Festung und manchmal eine Insel &#8211; seit 1926 ist das Geb\u00e4ude im Familienbesitz Das F\u00e4hrhaus liegt zwischen Bordenau und Poggenhagen mitten in der Region Hannover, im Landkreis Neustadt a. Rbge.. Wer hier auf dem Grundst\u00fcck steht genie\u00dft den Ausblick \u00fcber die Felder und die Leine. Die urspr\u00fcnglichen Dienste des damaligen F\u00e4hrmanns \u00fcbernimmt heute eine [&hellip;]<\/p>\n<div class=\"likebtn_container\" style=\"text-align:right;\"><!-- LikeBtn.com BEGIN --><span class=\"likebtn-wrapper\"  data-identifier=\"page_16\"  data-site_id=\"5ef1d27b6fd08be8652009e8\"  data-theme=\"drop\"  data-lang=\"de\"  data-style=\"\"  data-unlike_allowed=\"\"  data-show_copyright=\"\"  data-item_url=\"https:\/\/huskyadventure.de\/?page_id=16\"  data-item_title=\"Das F\u00e4hrhaus\"  data-item_date=\"2020-03-04T07:15:36+00:00\"  data-engine=\"WordPress\"  data-plugin_v=\"2.6.59\"  data-prx=\"https:\/\/huskyadventure.de\/wp-admin\/admin-ajax.php?action=likebtn_prx\"  data-event_handler=\"likebtn_eh\" ><\/span><!-- LikeBtn.com END --><br \/><br \/><\/div>","protected":false},"author":1,"featured_media":0,"parent":0,"menu_order":0,"comment_status":"open","ping_status":"closed","template":"","meta":{"footnotes":""},"class_list":["post-16","page","type-page","status-publish","hentry"],"_links":{"self":[{"href":"https:\/\/huskyadventure.de\/index.php?rest_route=\/wp\/v2\/pages\/16","targetHints":{"allow":["GET"]}}],"collection":[{"href":"https:\/\/huskyadventure.de\/index.php?rest_route=\/wp\/v2\/pages"}],"about":[{"href":"https:\/\/huskyadventure.de\/index.php?rest_route=\/wp\/v2\/types\/page"}],"author":[{"embeddable":true,"href":"https:\/\/huskyadventure.de\/index.php?rest_route=\/wp\/v2\/users\/1"}],"replies":[{"embeddable":true,"href":"https:\/\/huskyadventure.de\/index.php?rest_route=%2Fwp%2Fv2%2Fcomments&post=16"}],"version-history":[{"count":15,"href":"https:\/\/huskyadventure.de\/index.php?rest_route=\/wp\/v2\/pages\/16\/revisions"}],"predecessor-version":[{"id":243,"href":"https:\/\/huskyadventure.de\/index.php?rest_route=\/wp\/v2\/pages\/16\/revisions\/243"}],"wp:attachment":[{"href":"https:\/\/huskyadventure.de\/index.php?rest_route=%2Fwp%2Fv2%2Fmedia&parent=16"}],"curies":[{"name":"wp","href":"https:\/\/api.w.org\/{rel}","templated":true}]}}